e the highest common divisor of y and 11.
11
Suppose -4*r + 119 = 3*k, 5*r + 1 = 4*k + 173. Calculate the greatest common factor of 272 and r.
16
Let b(u) = 30*u**2 + 7*u + 1. Let s be b(2). What is the greatest common factor of s and 5?
5
Let x = 369 + -301. Calculate the greatest common divisor of 306 and x.
34
Suppose -2*x + 106 = 12. Let c be (88/(-4))/(10/10). Let n = x + c. What is the highest common divisor of n and 5?
5
Suppose 0 = 4*o + 5*a - 26, 5*o - o + 3*a - 22 = 0. Let h = 4 + o. Let k be 74/9 + 6/(-27). What is the highest common divisor of h and k?
8
Let z = -56 + -54. Let m = z - -58. Let q = 112 + m. What is the greatest common factor of q and 12?
12
Let u = -2032 - -2107. Suppose 2*b - 75 + 25 = 0. What is the greatest common factor of u and b?
25
Suppose -17 = -3*d + 1. Let j be d/(-9) + 41/3. Suppose 3*i - 2*q = -30 + 75, -4*i + 64 = -4*q. Calculate the highest common factor of i and j.
13
Let i be 1 + 54 + (0 - -2). Let q = i + -33. Calculate the greatest common factor of q and 48.
24
Let i be (-2)/(-2)*(-6 - -47). Let r = -34 + i. What is the greatest common divisor of 28 and r?
7
Let v be (-350)/(-85) + (-2)/17. Suppose -v*y = -3*y - 6. Suppose 9 = 3*d, -5*d + 0*d + 225 = 5*q. What is the highest common factor of y and q?
6
Suppose y - 5 = 0, 0 = 3*i - y - 2*y - 48. Suppose i*n + 81 = 18*n. Let d = -19 - n. Calculate the greatest common divisor of 40 and d.
8
Let t(y) = -9*y + 22*y - y**2 + 13 + 2*y. Let w be t(16). Let h be ((-2)/w)/((-26)/(-117)). What is the greatest common divisor of 24 and h?
3
Suppose 0 = r + 5*c + 3 - 30, -3*r + 2*c = -47. Suppose -4*s + 49 = r. Suppose -3*p + s*p - 110 = 0. What is the greatest common factor of 11 and p?
11
Let v(c) = -78*c + 156. Let p be v(-6). What is the greatest common divisor of p and 96?
48
Suppose -m - 18*m = -2907. What is the greatest common divisor of 9 and m?
9
Let j = -15 + 25. Let v be (80/(-4))/(-1 - 1). What is the highest common divisor of j and v?
10
Suppose 252 = -2*g - 88. Let n(y) = 64*y + 2. Let b be n(-1). Let k = b - g. Calculate the greatest common factor of 12 and k.
12
Let q be (-74)/185*110/(-2). What is the highest common factor of 88 and q?
22
Let p be 6 + -2 - 4*(-6 + 4). Let r = -290 + 422. Calculate the highest common divisor of r and p.
12
Suppose 0 = 5*t - 148 + 138. What is the greatest common divisor of 32 and t?
2
Let r be (-6)/(-8)*1840/276. What is the greatest common factor of 13 and r?
1
Suppose 4*j - 7*j = g - 26, -j - 5*g = -4. Let m = 3 + j. Let o(f) = -f**3 + 6*f**2 - 3*f + 10. Let b be o(4). Calculate the greatest common divisor of m and b.
6
Let u(a) = a + 27. Let j = 7 - -4. Let i be u(j). What is the highest common factor of 57 and i?
19
Suppose -350 = 19*d - 1718. What is the greatest common factor of 1584 and d?
72
Suppose -62*u - 91 = -69*u. Suppose -8 = 4*x, -2*p = -4*p - 2*x + 334. Calculate the greatest common divisor of p and u.
13
Suppose -6*f = 44*f - 11200. Calculate the highest common divisor of f and 28.
28
Suppose f + 3*f - f = 0. Let a be (0 - (3 + f))/(3/(-16)). What is the greatest common divisor of a and 112?
16
Let h be (-2)/(-4)*(-2 + 26). Suppose -u = -5*u + 8, -4*z + h = 2*u. Calculate the highest common divisor of z and 3.
1
Suppose -5*s + 0*s = 5*s. Suppose 8*j = 4*j + 2*x + 14, s = -x - 3. What is the highest common factor of j and 14?
2
Suppose -18 = -4*t + 10. Suppose t*o - 8*o = -20. Suppose -i + 4 = -0*i. What is the greatest common divisor of i and o?
4
Suppose -4*l + 4 = 0, -5*w + 2*l = -2*w - 4. Let b(k) = -k + 11. Let z be b(-4). Suppose -w*y - y = -z. What is the greatest common divisor of 45 and y?
5
Let c(s) = -4*s - 7. Let h be -7 + (-20)/(-7 - -2). Let t be c(h). Suppose 0 = 6*p - t*p - 18. What is the greatest common factor of 45 and p?
9
Let f = 423 + -417. Calculate the greatest common divisor of f and 26.
2
Let x = -4 + 9. Suppose -4*g = 5*a - 114, x*g - 8 = -2*a + 41. Let b(w) = 101*w - 4. Let i be b(2). What is the greatest common factor of i and a?
22
Let a = 7 + -4. Suppose 4*q - a*q = 5. Let f = -10 - -15. Calculate the highest common factor of f and q.
5
Let d = 591 + -590. Calculate the greatest common factor of 7 and d.
1
Let o = 87 + -47. Calculate the highest common divisor of 56 and o.
8
Let y be (-13410)/(-27) - (-4)/(-6). Calculate the highest common divisor of y and 64.
16
Let n be (-3)/2*(-184)/12. Let c = 27 - n. Calculate the highest common factor of 3 and c.
1
Let k be 20 + 1762 + (-8 - 1). What is the greatest common divisor of k and 9?
9
Suppose 8*u + 23 = 39. Let t(w) = 3*w - 1. Let p be t(5). What is the greatest common divisor of u and p?
2
Let l be (2 - 80)/(3/(-10)). Let t(w) = 5*w + 29. Let y be t(-5). Suppose -o - 2 + 63 = f, l = 5*o - y*f. What is the highest common factor of 8 and o?
8
Let q(l) = 0 - 3 + 4. Let x(s) = 5*s**2 + 3*s + 16. Let k(u) = -6*q(u) + x(u). Let j be k(-7). What is the highest common divisor of 26 and j?
26
Let l = -72 - -75. Suppose 0 = 5*s, -27 = -p + s - l. What is the greatest common divisor of 56 and p?
8
Let v(s) = 2*s**2 + 20*s + 14. Suppose -3*c - 54 + 24 = 0. Let q be v(c). Calculate the greatest common divisor of 28 and q.
14
Let q(n) = n**3 + 9*n**2 + 9*n + 18. Let d be q(-8). Let i be (-563)/(-7) - (-12)/(-28). What is the highest common factor of i and d?
10
Suppose 0*j = 2*j. Suppose j = 6*l - 2*l - 8. Suppose -x + 13 = -10*g + 5*g, -5*x + l*g + 19 = 0. Calculate the highest common factor of x and 27.
3
Let c = 45 - -10. Let i be ((-2)/((-20)/(-22)))/(6/(-30)). What is the highest common factor of i and c?
11
Let r be (2*(-1)/(-6))/((-5)/(-375)). Let m be ((-290)/r)/(3/(-60)). Let h = 54 + -25. What is the greatest common divisor of m and h?
29
Let r = -27 - -47. Let n = -35 + r. Let d = n + 17. Calculate the greatest common divisor of d and 6.
2
Let o(k) = -k**2 - 12*k - 10. Let j be o(-8). Suppose -4*l - 986 = -5*y, l - 6*l + 797 = 4*y. What is the greatest common divisor of y and j?
22
Let p(v) = v**3 - 4*v**2 + 2*v + 4. Let y be p(3). Let c = -31 - -30. Let r be 6/7*(-7)/c. What is the highest common divisor of y and r?
1
Let p be 48/(((-28)/16)/(-7)). Let q = 340 - p. Let u = -106 + q. Calculate the greatest common factor of 21 and u.
21
Let p(d) = -d**2 - 22*d - 57. Let m be p(-13). What is the highest common factor of 320 and m?
20
Suppose -w + 80*s = 77*s - 51, -2*s = 2. Calculate the highest common factor of 352 and w.
16
Let p be 2/8*6*2. Suppose p*b = -0*b + 3. Suppose 0 = a - 3 - b. Calculate the greatest common factor of a and 44.
4
Let u = 8 + -5. Suppose 0*l = 5*q + 2*l - 6, -l - 10 = -4*q. Suppose -q*t = -u*t + 13. What is the greatest common factor of 13 and t?
13
Let z be ((-6)/(-7))/((-3)/(-21)). Let g = 1630 - 1626. Calculate the highest common divisor of z and g.
2
Let b(j) = 2*j**2 - j - 13. Let i = -60 + 54. Let s be b(i). Calculate the highest common factor of 13 and s.
13
Suppose -5*h = -2*g - 532, -4*h + g = -343 - 85. Let s be (h/14)/(3/21). What is the highest common divisor of 6 and s?
6
Let d = 363 - 358. Calculate the greatest common factor of d and 160.
5
Let t(i) = 7*i**3 + 2*i**2. Let p be t(2). Let n be p/10 - 26/65. What is the greatest common factor of n and 60?
6
Let z be 3/(((-2)/11)/2). Let w be 260/(-14) - z/(-77). Let m be 133/w*40/(-14). Calculate the highest common factor of m and 5.
5
Suppose -7*j + 629 = 20. What is the greatest common factor of 58 and j?
29
Suppose 94 + 3 = -5*t + 3*j, -t - 23 = 3*j. Let p be 5 - t - (-2 + 2). Calculate the highest common divisor of 225 and p.
25
Let u be 14*2/10 - (-2)/10. Suppose -13 = -w - u*c + 10, -2*c = w - 21. What is the greatest common factor of 34 and w?
17
Let l = -163 - -163. Suppose -19*d + 17*d + 18 = l. Let h be (1*2)/2 - -26. Calculate the highest common factor of h and d.
9
Let h(f) = 2*f**3 + 15*f**2 + 9*f - 3. Let r be h(-7). Let t = 138 + r. Calculate the highest common factor of 11 and t.
11
Let d be (1512 - 14) + 4/(-2). Calculate the greatest common factor of 22 and d.
22
Let o(c) = -c**2 - 21*c - 6. Let m be o(-18). Suppose -k - 4*x - 68 = -3*k, 0 = -2*x - 2. What is the highest common divisor of m and k?
16
Suppose -2*m = d - 4*d - 372, 2*m = -4*d - 482. Let l = -80 - d. Calculate the greatest common divisor of 28 an